 72885?
3, 5, 43, 113
List the prime factors of 104.
2, 13
What are the prime factors of 2445?
3, 5, 163
What are the prime factors of 337?
337
What are the prime factors of 7979?
79, 101
List the prime factors of 2971.
2971
What are the prime factors of 9266?
2, 41, 113
What are the prime factors of 4693?
13, 19
List the prime factors of 13977.
3, 1553
What are the prime factors of 5693?
5693
What are the prime factors of 11865?
3, 5, 7, 113
What are the prime factors of 2634?
2, 3, 439
List the prime factors of 5380.
2, 5, 269
List the prime factors of 95197.
23, 4139
List the prime factors of 4719.
3, 11, 13
List the prime factors of 54526.
2, 137, 199
List the prime factors of 1173.
3, 17, 23
What are the prime factors of 2?
2
List the prime factors of 15095.
5, 3019
What are the prime factors of 1955?
5, 17, 23
List the prime factors of 2500.
2, 5
What are the prime factors of 83781?
3, 29, 107
List the prime factors of 3516.
2, 3, 293
List the prime factors of 210.
2, 3, 5, 7
List the prime factors of 42228.
2, 3, 17, 23
What are the prime factors of 14255?
5, 2851
What are the prime factors of 52685?
5, 41, 257
What are the prime factors of 18762?
2, 3, 53, 59
List the prime factors of 69.
3, 23
List the prime factors of 2008.
2, 251
List the prime factors of 6136.
2, 13, 59
What are the prime factors of 1501?
19, 79
List the prime factors of 2324.
2, 7, 83
List the prime factors of 3135.
3, 5, 11, 19
List the prime factors of 55997.
55997
What are the prime factors of 8247?
3, 2749
List the prime factors of 7254.
2, 3, 13, 31
List the prime factors of 25024.
2, 17, 23
List the prime factors of 3669.
3, 1223
List the prime factors of 4462.
2, 23, 97
List the prime factors of 12323.
12323
List the prime factors of 2121.
3, 7, 101
List the prime factors of 1202.
2, 601
List the prime factors of 4294.
2, 19, 113
What are the prime factors of 1063?
1063
List the prime factors of 40389.
3, 13463
List the prime factors of 3600.
2, 3, 5
List the prime factors of 10768.
2, 673
What are the prime factors of 2023?
7, 17
What are the prime factors of 37659?
3, 12553
What are the prime factors of 24628?
2, 47, 131
What are the prime factors of 378?
2, 3, 7
What are the prime factors of 3495?
3, 5, 233
What are the prime factors of 2144?
2, 67
What are the prime factors of 1152?
2, 3
List the prime factors of 19561.
31, 631
List the prime factors of 3505.
5, 701
What are the prime factors of 1390?
2, 5, 139
List the prime factors of 18933.
3, 6311
What are the prime factors of 133?
7, 19
List the prime factors of 3912.
2, 3, 163
List the prime factors of 11841.
3, 3947
What are the prime factors of 21999?
3, 7333
What are the prime factors of 5052?
2, 3, 421
What are the prime factors of 19288?
2, 2411
List the prime factors of 37403.
113, 331
What are the prime factors of 1479?
3, 17, 29
What are the prime factors of 93350?
2, 5, 1867
List the prime factors of 30200.
2, 5, 151
What are the prime factors of 659?
659
List the prime factors of 203.
7, 29
List the prime factors of 27479.
27479
List the prime factors of 1407.
3, 7, 67
List the prime factors of 22567.
22567
What are the prime factors of 39994?
2, 19997
What are the prime factors of 3816?
2, 3, 53
What are the prime factors of 995?
5, 199
List the prime factors of 3233.
53, 61
List the prime factors of 1322.
2, 661
List the prime factors of 66877.
66877
What are the prime factors of 45140?
2, 5, 37, 61
What are the prime factors of 3535?
5, 7, 101
What are the prime factors of 8796?
2, 3, 733
What are the prime factors of 816?
2, 3, 17
List the prime factors of 20207.
11, 167
List the prime factors of 25459.
7, 3637
List the prime factors of 359.
359
What are the prime factors of 48976?
2, 3061
What are the prime factors of 1198?
2, 599
List the prime factors of 4366.
2, 37, 59
What are the prime factors of 25585?
5, 7, 17, 43
List the prime factors of 2786.
2, 7, 199
What are the prime factors of 1536?
2, 3
What are the prime factors of 782?
2, 17, 23
What are the prime factors of 10445?
5, 2089
List the prime factors of 21524.
2, 5381
List the prime factors of 413.
7, 59
List the prime factors of 25579.
25579
List the prime factors of 10488.
2, 3, 19, 23
List the prime factors of 1436.
2, 359
What are the prime factors of 4684?
2, 1171
What are the prime factors of 6148?
2, 29, 53
List the prime factors of 3324.
2, 3, 277
List the prime factors of 32845.
5, 6569
What are the prime factors of 11516?
2, 2879
What are the prime factors of 586?
2, 293
List the prime factors of 17141.
61, 281
List the prime factors of 9613.
9613
List the prime factors of 66998.
2, 139, 241
What are the prime factors of 404?
2, 101
List the prime factors of 5527.
5527
List the prime factors of 1243.
11, 113
What are the prime factors of 18112?
2, 283
List the prime factors of 6644.
2, 11, 151
What are the prime factors of 1241?
17, 73
What are the prime factors of 37997?
37997
List the prime factors of 216.
2, 3
List the prime factors of 150.
2, 3, 5
What are the prime factors of 3930?
2, 3, 5, 131
What are the prime factors of 1225?
5, 7
List the prime factors of 7869.
3, 43, 61
What are the prime factors of 1450?
2, 5, 29
What are the prime factors of 1053?
3, 13
What are the prime factors of 32081?
7, 4583
List the prime factors of 3464.
2, 433
What are the prime factors of 2873?
13, 17
List the prime factors of 43163.
17, 2539
List the prime factors of 7497.
3, 7, 17
What are the prime factors of 108486?
2, 3, 7, 41
What are the prime factors of 133257?
3, 43, 1033
List the prime factors of 34180.
2, 5, 1709
What are the prime factors of 324?
2, 3
List the prime factors of 82.
2, 41
List the prime factors of 18165.
3, 5, 7, 173
List the prime factors of 259.
7, 37
List the prime factors of 46208.
2, 19
What are the prime factors of 1254?
2, 3, 11, 19
List the prime factors of 2134.
2, 11, 97
What are the prime factors of 6051?
3, 2017
What are the prime factors of 4019?
4019
What are the prime factors of 533?
13, 41
What are the prime factors of 7749?
3, 7, 41
List the prime factors of 1618.
2, 809
List the prime factors of 14752.
2, 461
What are the prime factors of 19154?
2, 61, 157
List the prime factors of 17740.
2, 5, 887
List the prime factors of 12777.
3, 4259
List the prime factors of 608.
2, 19
What are the prime factors of 6001?
17, 353
What are the prime factors of 1273?
19, 67
List the prime factors of 929.
929
List the prime factors of 866.
2, 433
List the prime factors of 828.
2, 3, 23
What are the prime factors of 246?
2, 3, 41
List the prime factors of 32677.
41, 797
What are the prime factors of 6881?
7, 983
List the prime factors of 59152.
2, 3697
What are the prime factors of 12842?
2, 6421
List the prime factors of 5526.
2, 3, 307
What are the prime factors of 3694?
2, 1847
What are the prime factors of 952?
2, 7, 17
What are the prime factors of 1074?
2, 3, 179
What are the prime factors of 5035?
5, 19, 53
What are the prime factors of 5944?
2, 743
What are the prime factors of 548?
2, 137
What are the prime factors of 6646?
2, 3323
What are the prime factors of 8457?
3, 2819
What are the prime factors of 139?
139
List the prime factors of 7012.
2, 1753
What are the prime factors of 151480?
2, 5, 7, 541
What are the prime factors of 1023?
3, 11, 31
What are the prime factors of 59?
59
List the prime factors of 11059.
11059
What are the prime factors of 36496?
2, 2281
List the prime factors of 24957.
3, 47, 59
What are the prime factors of 3292?
2, 823
What are the prime factors of 80?
2, 5
List the prime factors of 947.
947
List the prime factors of 9311.
9311
List the prime factors of 18393.
3, 6131
What are the prime factors of 1481?
1481
List the prime factors of 40057.
41, 977
List the prime factors of 77579.
23, 3373
List the prime factors of 8295.
3, 5, 7, 79
What are the prime factors of 55117?
55117
List the prime factors of 14824.
2, 17, 109
What are the prime factors of 142314?
2, 3, 23719
What are the prime factors of 3074?
2, 29, 53
What are the prime factors of 33957?
3, 7, 11
What are the prime factors of 695?
5, 139
What are the prime factors of 21122?
2, 59, 179
List the prime factors of 9097.
11, 827
List the prime factors of 772.
2, 193
List the prime factors of